{"id":6234,"date":"2025-01-20T11:29:34","date_gmt":"2025-01-20T10:29:34","guid":{"rendered":"https:\/\/www.herzinger.at\/shop\/?post_type=product&#038;p=6234"},"modified":"2025-01-24T14:12:47","modified_gmt":"2025-01-24T13:12:47","slug":"marillenkonfituere-mit-mandeln","status":"publish","type":"product","link":"https:\/\/www.herzinger.at\/shop\/product\/marillenkonfituere-mit-mandeln\/","title":{"rendered":"Marillenkonfit\u00fcre mit Mandeln"},"content":{"rendered":"","protected":false},"excerpt":{"rendered":"<p>Da sie noch Marillenst\u00fccke enth\u00e4lt., F\u00fcr unsere Marillenkonfit\u00fcren verwenden wir die Sorte Ungarische Beste, ist diese Marmelade optimal, welche als geschmacklich beste am Markt gilt. Diese Marmelade gibt es zur Verfeinerung noch mit handger\u00f6steten Mandeln. F\u00fcr jeden der gerne die Frucht sp\u00fcrt<\/p>\n","protected":false},"featured_media":6235,"comment_status":"open","ping_status":"closed","template":"","meta":{"_acf_changed":false},"product_brand":[],"product_cat":[272],"product_tag":[],"class_list":{"0":"post-6234","1":"product","2":"type-product","3":"status-publish","4":"has-post-thumbnail","6":"product_cat-konfitueren","8":"first","9":"instock","10":"taxable","11":"shipping-taxable","12":"purchasable","13":"product-type-simple"},"acf":[],"_links":{"self":[{"href":"https:\/\/www.herzinger.at\/shop\/wp-json\/wp\/v2\/product\/6234","targetHints":{"allow":["GET"]}}],"collection":[{"href":"https:\/\/www.herzinger.at\/shop\/wp-json\/wp\/v2\/product"}],"about":[{"href":"https:\/\/www.herzinger.at\/shop\/wp-json\/wp\/v2\/types\/product"}],"replies":[{"embeddable":true,"href":"https:\/\/www.herzinger.at\/shop\/wp-json\/wp\/v2\/comments?post=6234"}],"wp:featuredmedia":[{"embeddable":true,"href":"https:\/\/www.herzinger.at\/shop\/wp-json\/wp\/v2\/media\/6235"}],"wp:attachment":[{"href":"https:\/\/www.herzinger.at\/shop\/wp-json\/wp\/v2\/media?parent=6234"}],"wp:term":[{"taxonomy":"product_brand","embeddable":true,"href":"https:\/\/www.herzinger.at\/shop\/wp-json\/wp\/v2\/product_brand?post=6234"},{"taxonomy":"product_cat","embeddable":true,"href":"https:\/\/www.herzinger.at\/shop\/wp-json\/wp\/v2\/product_cat?post=6234"},{"taxonomy":"product_tag","embeddable":true,"href":"https:\/\/www.herzinger.at\/shop\/wp-json\/wp\/v2\/product_tag?post=6234"}],"curies":[{"name":"wp","href":"https:\/\/api.w.org\/{rel}","templated":true}]}}